{"id":120,"date":"2016-11-26T17:35:23","date_gmt":"2016-11-26T16:35:23","guid":{"rendered":"http:\/\/gold-casino.cz\/?page_id=120"},"modified":"2025-09-30T13:12:17","modified_gmt":"2025-09-30T11:12:17","slug":"cenik","status":"publish","type":"page","link":"https:\/\/www.gold-casino.cz\/index.php\/gold-casino-cz\/cenik\/","title":{"rendered":"Cen\u00edk"},"content":{"rendered":"<h1><span style=\"color: #ffff00;\">Cen\u00edk mobiln\u00edho casina<\/span><\/h1>\n<p><span style=\"color: #00ffff;\">Cen\u00edk . . . . . . . . . . <span style=\"color: #ffff00;\">2-h<\/span>odinov\u00e9 produkce . . . . . <span style=\"color: #ffff00;\">3-h<\/span>odinov\u00e1 produkce . . . . <span style=\"color: #ffff00;\">4-h<\/span>odinov\u00e1 produkce<\/span><\/p>\n<p><span style=\"color: #00ffff;\">Ruleta\u00a0 \u00a0 \u00a0 \u00a0 \u00a0 \u00a0 \u00a0 \u00a0 \u00a0 \u00a0 \u00a0 \u00a0 \u00a0 \u00a0 \u00a0 \u00a0 \u00a014 000,-K\u010d . . . . . . . . . . 15 000,-K\u010d . . . . . . . . . . . . .16 000,-K\u010d <\/span><\/p>\n<p><span style=\"color: #00ffff;\">Black Jack\u00a0 \u00a0 \u00a0 \u00a0 \u00a0 \u00a0 \u00a0 \u00a0 \u00a0 \u00a0 \u00a0 \u00a0 \u00a0 \u00a0 \u00a0 9 000,-K\u010d . . . . . . . . . . .9 500,-K\u010d . . . . . . . . . . . . . 10 000,-K\u010d <\/span><\/p>\n<p><span style=\"color: #00ffff;\">Texas Holdem Poker\u00a0 \u00a0 \u00a0 \u00a0 \u00a0 \u00a09 000,-K\u010d\u00a0 . . . . . . . . . .9 500,-K\u010d . . . . . . . . . . . . . .10 000,-K\u010d <\/span><\/p>\n<p><span style=\"color: #00ffff;\">Carribbean Poker\u00a0 \u00a0 \u00a0 \u00a0 \u00a0 \u00a0 \u00a0 \u00a0 9 000,-K\u010d . . . . . . . . . . .9 500,-K\u010d . . . . . . . . . . . . . 10 000,-K\u010d <\/span><\/p>\n<p><span style=\"color: #00ffff;\">Kostky\u00a0 \u00a0 \u00a0 \u00a0 \u00a0 \u00a0 \u00a0 \u00a0 \u00a0 \u00a0 \u00a0 \u00a0 \u00a0 \u00a0 \u00a0 \u00a0 \u00a0 \u00a0 9 000,-K\u010d . . . . . . . . . . .9 500,-K\u010d . . . . . . . . . . . . . 10 000,-K\u010d <\/span><\/p>\n<p><span style=\"color: #00ffff;\">Ruleta + jin\u00e1 hra \u00a0 \u00a0 \u00a0 \u00a0 \u00a0 \u00a0 \u00a0 \u00a0 17 000,-K\u010d . . . . . . . . . . 18 500,-K\u010d . . . . . . . . . . . . 20 000,-K\u010d <\/span><\/p>\n<p><span style=\"color: #00ffff;\">Ruleta +2 hry\u00a0\u00a0\u00a0\u00a0\u00a0\u00a0\u00a0\u00a0\u00a0\u00a0\u00a0\u00a0\u00a0\u00a0\u00a0\u00a0\u00a0\u00a0 \u00a0\u00a0\u00a019 000,-K\u010d . . . . . . . . . . 20 500,-K\u010d . . . . . . . . . . . . 22 000,-K\u010d <\/span><\/p>\n<p><span style=\"color: #00ffff;\">Ruleta + 3 hry\u00a0 \u00a0 \u00a0 \u00a0 \u00a0 \u00a0 \u00a0 \u00a0 \u00a0 \u00a0 \u00a0 21 000,-K\u010d . . . . . . . . . . 22 500,-K\u010d . . . . . . . . . . . . 24 000,-K\u010d <\/span><\/p>\n<p><span style=\"color: #00ffff;\">Ruleta + 4 hry\u00a0\u00a0\u00a0\u00a0\u00a0\u00a0\u00a0\u00a0\u00a0\u00a0\u00a0\u00a0\u00a0\u00a0\u00a0\u00a0\u00a0\u00a0\u00a0\u00a0\u00a0 23 000,-K\u010d . . . . . . . . . . 24 500,-K\u010d . . . . . . . . . . . . 26 000,-K\u010d <\/span><\/p>\n<p><span style=\"color: #00ffff;\">2x ruleta\u00a0 \u00a0 \u00a0 \u00a0 \u00a0 \u00a0 \u00a0 \u00a0 \u00a0 \u00a0 \u00a0 \u00a0 \u00a0 \u00a0 \u00a0 \u00a0 20 000,-K\u010d . . . . . . . . . . 21 500,-K\u010d . . . . . . . . . . . . 23 000,-K\u010d <\/span><\/p>\n<p><span style=\"color: #00ffff;\">2x ruleta +1 hra\u00a0\u00a0\u00a0\u00a0\u00a0\u00a0\u00a0\u00a0\u00a0\u00a0\u00a0\u00a0\u00a0\u00a0\u00a0\u00a0\u00a0\u00a0\u00a0 23 000,-K\u010d . . . . . . . . . . 24 500,-K\u010d . . . . . . . . . . . . 26 000,-K\u010d <\/span><\/p>\n<p><span style=\"color: #00ffff;\">2x ruleta + 2 hry\u00a0 \u00a0 \u00a0 \u00a0 \u00a0 \u00a0 \u00a0 \u00a0 \u00a0 30 000,-K\u010d . . . . . . . . . . 31 500,-K\u010d . . . . . . . . . . . . 33 000,-K\u010d <\/span><\/p>\n<p><span style=\"color: #00ffff;\">2x ruleta + 3 hry \u00a0\u00a0\u00a0\u00a0\u00a0\u00a0 \u00a0 \u00a0\u00a0\u00a0\u00a0\u00a0\u00a0\u00a0\u00a032 000,-K\u010d . . . . . . . . . . 33 500,-K\u010d . . . . . . . . . . . . 35 000,-K\u010d <\/span><\/p>\n<p><span style=\"color: #00ffff;\">2x ruleta + 4 hry \u00a0\u00a0\u00a0\u00a0\u00a0\u00a0\u00a0\u00a0 \u00a0\u00a0\u00a0\u00a0\u00a0 \u00a0\u00a033 000,-K\u010d . . . . . . . . . . 35 000,-K\u010d . . . . . . . . . . . . 37 000,-K\u010d <\/span><\/p>\n<p><span style=\"color: #00ffff;\">Cen\u00edk . . . . . . . . . . <span style=\"color: #ffff00;\">2-h<\/span>odinov\u00e9 produkce . . . . . <span style=\"color: #ffff00;\">3-h<\/span>odinov\u00e1 produkce . . . . <span style=\"color: #ffff00;\">4-h<\/span>odinov\u00e1 produkce<\/span><\/p>\n<h3><span style=\"color: #00ffff;\">Doprava v\u00a0Brn\u011b a okol\u00ed zdarma<\/span><\/h3>\n<h3><span style=\"color: #00ffff;\">Doprava po cel\u00e9m \u00fazem\u00ed \u010cR pouze 8 K\u010d\/km<\/span><\/h3>\n<p><span style=\"color: #00ffff;\">Pokud to jde, jezd\u00edme ZELEN\u011a! Pou\u017e\u00edv\u00e1me auta s\u00a0alternativn\u00edm pohonem CNG(compressed <strong>Natural Gas<\/strong><strong>).<\/strong><\/span><\/p>\n<p><span style=\"color: #00ffff;\">Pro dal\u0161\u00ed up\u0159esn\u011bn\u00ed\u00a0produkce gold-casina, volejte 778\u00a0500\u00a0330<\/span><\/p>\n<p><span style=\"color: #00ffff;\">a pi\u0161te na <a style=\"color: #00ffff;\" href=\"mailto:Info@gold-casino.cz\">Info@gold-casino.cz<\/a><\/span><\/p>\n<h2><span style=\"color: #ffff00;\">P\u016fj\u010dovn\u00e9<\/span><\/h2>\n<p><span style=\"color: #00ffff;\">Mo\u017enost zap\u016fj\u010den\u00ed unik\u00e1tn\u00edho zlacen\u00e9ho ruletov\u00e9ho kola s\u00a0osv\u011btlen\u00edm, bronzov\u00e9ho \u010di \u201eoby\u010dejn\u00e9ho\u201cHuxley \u00a0jako dekorace \u010di rekvizita, je mo\u017en\u00e9 jen s na\u0161\u00edm\u00a0dozorem.<\/span><\/p>\n<p><span style=\"color: #00ff00;\"><img decoding=\"async\" loading=\"lazy\" class=\"size-medium wp-image-158 alignleft\" src=\"http:\/\/gold-casino.cz\/wp-content\/uploads\/2016\/11\/IMG_20161112_152841-225x300.jpg\" alt=\"img_20161112_152841\" width=\"225\" height=\"300\" srcset=\"https:\/\/www.gold-casino.cz\/wp-content\/uploads\/2016\/11\/IMG_20161112_152841-225x300.jpg 225w, https:\/\/www.gold-casino.cz\/wp-content\/uploads\/2016\/11\/IMG_20161112_152841-768x1024.jpg 768w, https:\/\/www.gold-casino.cz\/wp-content\/uploads\/2016\/11\/IMG_20161112_152841.jpg 900w\" sizes=\"(max-width: 225px) 100vw, 225px\" \/><\/span><\/p>\n<p><span style=\"color: #00ffff;\">Zlacen\u00e1 ruleta s osv\u011btlen\u00edm &#8230;\u00a0 3000 K\u010d za ka\u017edou zapo\u010datou hodinu. Minim\u00e1ln\u011b v\u0161ak 9000 K\u010d. V cen\u011b ji\u017e zahrnut doprovod. Na del\u0161\u00ed \u010dasov\u00e9 obdob\u00ed lze vyjednat individu\u00e1ln\u00ed cena.<\/span><\/p>\n","protected":false},"excerpt":{"rendered":"Cen\u00edk mobiln\u00edho casina Cen\u00edk . . . . . . . . . . 2-hodinov\u00e9 produkce . . . . . 3-hodinov\u00e1 produkce . . . . 4-hodinov\u00e1 produkce Ruleta\u00a0 \u00a0 \u00a0 \u00a0 \u00a0 \u00a0 \u00a0 \u00a0 \u00a0 \u00a0 \u00a0 \u00a0 \u00a0 \u00a0 \u00a0 \u00a0 \u00a014 000,-K\u010d . . . . . . . . [&hellip;]","protected":false},"author":1,"featured_media":0,"parent":4,"menu_order":0,"comment_status":"closed","ping_status":"closed","template":"","meta":{"om_disable_all_campaigns":false,"_mi_skip_tracking":false,"_monsterinsights_sitenote_active":false,"_monsterinsights_sitenote_note":"","_monsterinsights_sitenote_category":0},"aioseo_notices":[],"_links":{"self":[{"href":"https:\/\/www.gold-casino.cz\/index.php\/wp-json\/wp\/v2\/pages\/120"}],"collection":[{"href":"https:\/\/www.gold-casino.cz\/index.php\/wp-json\/wp\/v2\/pages"}],"about":[{"href":"https:\/\/www.gold-casino.cz\/index.php\/wp-json\/wp\/v2\/types\/page"}],"author":[{"embeddable":true,"href":"https:\/\/www.gold-casino.cz\/index.php\/wp-json\/wp\/v2\/users\/1"}],"replies":[{"embeddable":true,"href":"https:\/\/www.gold-casino.cz\/index.php\/wp-json\/wp\/v2\/comments?post=120"}],"version-history":[{"count":0,"href":"https:\/\/www.gold-casino.cz\/index.php\/wp-json\/wp\/v2\/pages\/120\/revisions"}],"up":[{"embeddable":true,"href":"https:\/\/www.gold-casino.cz\/index.php\/wp-json\/wp\/v2\/pages\/4"}],"wp:attachment":[{"href":"https:\/\/www.gold-casino.cz\/index.php\/wp-json\/wp\/v2\/media?parent=120"}],"curies":[{"name":"wp","href":"https:\/\/api.w.org\/{rel}","templated":true}]}}