{"id":33,"date":"2016-11-12T00:26:32","date_gmt":"2016-11-11T23:26:32","guid":{"rendered":"http:\/\/gold-casino.cz\/?page_id=33"},"modified":"2017-06-20T19:42:40","modified_gmt":"2017-06-20T17:42:40","slug":"poker","status":"publish","type":"page","link":"https:\/\/www.gold-casino.cz\/index.php\/gold-casino-cz\/nase-hry\/poker\/","title":{"rendered":"Poker"},"content":{"rendered":"<h1 style=\"text-align: left;\"><span style=\"color: #ffff00;\">Texas Hold&#8217;em Poker<\/span><\/h1>\n<p>&nbsp;<\/p>\n<p><span style=\"color: #00ffff;\">Pravidla V\u00e1s nau\u010d\u00edme za p\u00e1r minut, hru pochop\u00edte v\u00a0pr\u016fb\u011bhu ve\u010dera, ale dob\u0159e hr\u00e1t m\u016f\u017eete za \u2026..<\/span><\/p>\n<p><span style=\"color: #00ffff;\">Poker\u00a0 je jednozna\u010dn\u011b\u00a0 nejpopul\u00e1rn\u011bj\u0161\u00ed karetn\u00ed hra na sv\u011bt\u011b. V\u00a0t\u00e9to variant\u011b pokeru krupi\u00e9r \u0159\u00edd\u00ed pr\u016fb\u011bh, ale vlastn\u00ed hry se ne\u00fa\u010dastn\u00ed. Ka\u017ed\u00fd hr\u00e1\u010d dostane sv\u00e9 dv\u011b karty. Dal\u0161\u00edch 5 karet vylo\u017e\u00ed krupi\u00e9r na st\u016fl.C\u00edlem je\u00a0 sestavit co nejlep\u0161\u00ed pokerovou kombinaci. Poker vy\u017eaduje\u00a0 trochu \u0161t\u011bst\u00ed, spr\u00e1vn\u00e9 na\u010dasov\u00e1n\u00ed s\u00e1zek, ale p\u0159edev\u0161\u00edm analytick\u00fd p\u0159\u00edstup ke h\u0159e a chladnou hlavu, trochu blufov\u00e1n\u00ed a odhad spoluhr\u00e1\u010d\u016f.<\/span><\/p>\n<p><span style=\"color: #00ffff;\">Podrobn\u011b zde:<\/span><\/p>\n<p><span style=\"color: #00ffff;\"><a style=\"color: #00ffff;\" href=\"https:\/\/cs.wikipedia.org\/wiki\/Texas_hold_%27em\">https:\/\/cs.wikipedia.org\/wiki\/Texas_hold_%27em<\/a><\/span><\/p>\n<p><img decoding=\"async\" loading=\"lazy\" class=\"size-full wp-image-225\" src=\"http:\/\/gold-casino.cz\/wp-content\/uploads\/2016\/11\/poker1.jpg\" alt=\"OLYMPUS DIGITAL CAMERA\" width=\"2215\" height=\"1259\" srcset=\"https:\/\/www.gold-casino.cz\/wp-content\/uploads\/2016\/11\/poker1.jpg 2215w, https:\/\/www.gold-casino.cz\/wp-content\/uploads\/2016\/11\/poker1-300x171.jpg 300w, https:\/\/www.gold-casino.cz\/wp-content\/uploads\/2016\/11\/poker1-768x437.jpg 768w, https:\/\/www.gold-casino.cz\/wp-content\/uploads\/2016\/11\/poker1-1024x582.jpg 1024w\" sizes=\"(max-width: 2215px) 100vw, 2215px\" \/> <span style=\"color: #00ffff;\">Bluf!<\/span><\/p>\n","protected":false},"excerpt":{"rendered":"Texas Hold&#8217;em Poker &nbsp; Pravidla V\u00e1s nau\u010d\u00edme za p\u00e1r minut, hru pochop\u00edte v\u00a0pr\u016fb\u011bhu ve\u010dera, ale dob\u0159e hr\u00e1t m\u016f\u017eete za \u2026.. Poker\u00a0 je jednozna\u010dn\u011b\u00a0 nejpopul\u00e1rn\u011bj\u0161\u00ed karetn\u00ed hra na sv\u011bt\u011b. V\u00a0t\u00e9to variant\u011b pokeru krupi\u00e9r \u0159\u00edd\u00ed pr\u016fb\u011bh, ale vlastn\u00ed hry se ne\u00fa\u010dastn\u00ed. Ka\u017ed\u00fd hr\u00e1\u010d dostane sv\u00e9 dv\u011b karty. Dal\u0161\u00edch 5 karet vylo\u017e\u00ed krupi\u00e9r na st\u016fl.C\u00edlem je\u00a0 sestavit co [&hellip;]","protected":false},"author":1,"featured_media":0,"parent":111,"menu_order":0,"comment_status":"closed","ping_status":"closed","template":"","meta":{"om_disable_all_campaigns":false,"_mi_skip_tracking":false,"_monsterinsights_sitenote_active":false,"_monsterinsights_sitenote_note":"","_monsterinsights_sitenote_category":0},"aioseo_notices":[],"_links":{"self":[{"href":"https:\/\/www.gold-casino.cz\/index.php\/wp-json\/wp\/v2\/pages\/33"}],"collection":[{"href":"https:\/\/www.gold-casino.cz\/index.php\/wp-json\/wp\/v2\/pages"}],"about":[{"href":"https:\/\/www.gold-casino.cz\/index.php\/wp-json\/wp\/v2\/types\/page"}],"author":[{"embeddable":true,"href":"https:\/\/www.gold-casino.cz\/index.php\/wp-json\/wp\/v2\/users\/1"}],"replies":[{"embeddable":true,"href":"https:\/\/www.gold-casino.cz\/index.php\/wp-json\/wp\/v2\/comments?post=33"}],"version-history":[{"count":0,"href":"https:\/\/www.gold-casino.cz\/index.php\/wp-json\/wp\/v2\/pages\/33\/revisions"}],"up":[{"embeddable":true,"href":"https:\/\/www.gold-casino.cz\/index.php\/wp-json\/wp\/v2\/pages\/111"}],"wp:attachment":[{"href":"https:\/\/www.gold-casino.cz\/index.php\/wp-json\/wp\/v2\/media?parent=33"}],"curies":[{"name":"wp","href":"https:\/\/api.w.org\/{rel}","templated":true}]}}