{"id":41,"date":"2016-11-12T17:49:55","date_gmt":"2016-11-12T16:49:55","guid":{"rendered":"http:\/\/gold-casino.cz\/?page_id=41"},"modified":"2018-05-17T00:27:03","modified_gmt":"2018-05-16T22:27:03","slug":"kontakt","status":"publish","type":"page","link":"https:\/\/www.gold-casino.cz\/index.php\/gold-casino-cz\/kontakt\/","title":{"rendered":"Kontakt"},"content":{"rendered":"<h1 style=\"padding-left: 90px;\"><\/h1>\n<h2 style=\"padding-left: 90px; text-align: center;\"><span style=\"color: #00ffff;\">Kontakt<!--  n\u00ed formul\u00e1\u0159: --> <\/span><\/h2>\n<p style=\"text-align: center;\"><span style=\"color: #ffff00;\"><!-- [contact-form-7 id=\"49\" title=\"Kontaktn\u00ed formul\u00e1\u0159 1\"]--><\/span><\/p>\n","protected":false},"excerpt":{"rendered":"Kontakt","protected":false},"author":1,"featured_media":0,"parent":4,"menu_order":0,"comment_status":"closed","ping_status":"closed","template":"","meta":{"om_disable_all_campaigns":false,"_mi_skip_tracking":false,"_monsterinsights_sitenote_active":false,"_monsterinsights_sitenote_note":"","_monsterinsights_sitenote_category":0},"aioseo_notices":[],"_links":{"self":[{"href":"https:\/\/www.gold-casino.cz\/index.php\/wp-json\/wp\/v2\/pages\/41"}],"collection":[{"href":"https:\/\/www.gold-casino.cz\/index.php\/wp-json\/wp\/v2\/pages"}],"about":[{"href":"https:\/\/www.gold-casino.cz\/index.php\/wp-json\/wp\/v2\/types\/page"}],"author":[{"embeddable":true,"href":"https:\/\/www.gold-casino.cz\/index.php\/wp-json\/wp\/v2\/users\/1"}],"replies":[{"embeddable":true,"href":"https:\/\/www.gold-casino.cz\/index.php\/wp-json\/wp\/v2\/comments?post=41"}],"version-history":[{"count":0,"href":"https:\/\/www.gold-casino.cz\/index.php\/wp-json\/wp\/v2\/pages\/41\/revisions"}],"up":[{"embeddable":true,"href":"https:\/\/www.gold-casino.cz\/index.php\/wp-json\/wp\/v2\/pages\/4"}],"wp:attachment":[{"href":"https:\/\/www.gold-casino.cz\/index.php\/wp-json\/wp\/v2\/media?parent=41"}],"curies":[{"name":"wp","href":"https:\/\/api.w.org\/{rel}","templated":true}]}}